9?
9
What is the tens digit of 19389?
8
What is the ten thousands digit of 17171?
1
What is the tens digit of 613?
1
What is the units digit of 29644?
4
What is the tens digit of 151?
5
What is the units digit of 1097?
7
What is the tens digit of 814?
1
What is the hundreds digit of 159?
1
What is the ten thousands digit of 160356?
6
What is the thousands digit of 1356?
1
What is the units digit of 2758?
8
What is the thousands digit of 11086?
1
What is the units digit of 1777?
7
What is the units digit of 3863?
3
What is the thousands digit of 1052?
1
What is the units digit of 858?
8
What is the units digit of 79947?
7
What is the thousands digit of 1177?
1
What is the thousands digit of 2639?
2
What is the tens digit of 30839?
3
What is the thousands digit of 5383?
5
What is the hundred thousands digit of 159636?
1
What is the tens digit of 1952?
5
What is the ten thousands digit of 105408?
0
What is the units digit of 736?
6
What is the hundreds digit of 4148?
1
What is the units digit of 1527?
7
What is the thousands digit of 3270?
3
What is the hundreds digit of 54864?
8
What is the tens digit of 4678?
7
What is the hundreds digit of 107?
1
What is the tens digit of 34790?
9
What is the hundreds digit of 422?
4
What is the hundreds digit of 154?
1
What is the thousands digit of 7969?
7
What is the units digit of 86665?
5
What is the tens digit of 25347?
4
What is the tens digit of 113930?
3
What is the tens digit of 73506?
0
What is the thousands digit of 5405?
5
What is the tens digit of 4597?
9
What is the hundreds digit of 15275?
2
What is the thousands digit of 7262?
7
What is the units digit of 835?
5
What is the units digit of 11650?
0
What is the thousands digit of 6336?
6
What is the units digit of 44820?
0
What is the units digit of 291?
1
What is the units digit of 1629?
9
What is the hundreds digit of 912?
9
What is the units digit of 2366?
6
What is the thousands digit of 41511?
1
What is the thousands digit of 19891?
9
What is the tens digit of 2152?
5
What is the thousands digit of 30378?
0
What is the thousands digit of 69335?
9
What is the units digit of 9829?
9
What is the units digit of 4507?
7
What is the tens digit of 3098?
9
What is the units digit of 1327?
7
What is the tens digit of 12907?
0
What is the ten thousands digit of 42767?
4
What is the thousands digit of 4538?
4
What is the tens digit of 4744?
4
What is the ten thousands digit of 29383?
2
What is the tens digit of 785?
8
What is the units digit of 30026?
6
What is the tens digit of 13962?
6
What is the hundreds digit of 1020?
0
What is the units digit of 3676?
6
What is the units digit of 17536?
6
What is the units digit of 2155?
5
What is the hundreds digit of 1096?
0
What is the tens digit of 17328?
2
What is the hundreds digit of 100?
1
What is the units digit of 9633?
3
What is the hundreds digit of 9151?
1
What is the tens digit of 170543?
4
What is the units digit of 2243?
3
What is the thousands digit of 29151?
9
What is the tens digit of 2719?
1
What is the units digit of 56991?
1
What is the units digit of 431?
1
What is the hundreds digit of 39993?
9
What is the tens digit of 21053?
5
What is the units digit of 598?
8
What is the thousands digit of 9378?
9
What is the tens digit of 22415?
1
What is the thousands digit of 1020?
1
What is the thousands digit of 3768?
3
What is the hundreds digit of 708?
7
What is the tens digit of 579?
7
What is the hundreds digit of 4251?
2
What is the tens digit of 3002?
0
What is the units digit of 583?
3
What is the units digit of 8286?
6
What is the thousands digit of 2006?
2
What is the units digit of 1602?
2
What is the tens digit of 71340?
4
What is the units digit of 54727?
7
What is the ten thousands digit of 15766?
1
What is the tens digit of 928?
2
What is the tens digit of 8659?
5
What is the units digit of 19056?
6
What is the units digit of 931?
1
What is the thousands digit of 17893?
7
What is the hundreds digit of 27960?
9
What is the units digit of 20673?
3
What is the tens digit of 5210?
1
What is the thousands digit of 8837?
8
What is the tens digit of 220?
2
What is the thousands digit of 20371?
0
What is the tens digit of 100376?
7
What is the thousands digit of 32347?
2
What is the units digit of 3219?
9
What is the hundreds digit of 108118?
1
What is the hundreds digit of 3400?
4
What is the thousands digit of 108604?
8
What is the units digit of 18?
8
What is the tens digit of 16927?
2
What is the units digit of 89394?
4
What is the thousands digit of 14716?
4
What is the ten thousands digit of 43831?
4
What is the units digit of 14569?
9
What is the units digit of 870?
0
What is the hundreds digit of 4060?
0
What is the thousands digit of 1461?
1
What is the tens digit of 80?
8
What is the hundreds digit of 1420?
4
What is the units digit of 2215?
5
What is the units digit of 455?
5
What is the tens digit of 6798?
9
What is the tens digit of 26?
2
What is the units digit of 8?
8
What is the units digit of 1086?
6
What is the hundreds digit of 83273?
2
What is the hundreds digit of 19164?
1
What is the ten thousands digit of 20476?
2
What is the thousands digit of 92406?
2
What is the thousands digit of 4742?
4
What is the hundreds digit of 994?
9
What is the units digit of 105?
5
What is the hundreds digit of 10349?
3
What is the tens digit of 73864?
6
What is the tens digit of 7708?
0
What is the ten thousands digit of 52282?
5
What is the thousands digit of 6533?
6
What is the tens digit of 594?
9
What is the tens digit of 25150?
5
What is the units digit of 25238?
8
What is the thousands digit of 28762?
8
What is the thousands digit of 106289?
6
What is the thousands digit of 3585?
3
What is the units digit of 11300?
0
What is the thousands digit of 21344?
1
What is the ten thousands digit of 17966?
1
What is the hundreds digit of 13317?
3
What is the hundreds digit of 707?
7
What is the hundreds digit of 2550?
5
What is the units digit of 2493?
3
What is the units digit of 2032?
2
What is the ten thousands digit of 41311?
4
What is the units digit of 937?
7
What is the hundreds digit of 122894?
8
What is the thousands digit of 1057?
1
What is the ten thousands digit of 50858?
5
What is the tens digit of 38?
3
What is the hundreds digit of 4075?
0
What is the units digit of 61802?
2
What is the ten thousands digit of 26939?
2
What is the tens digit of 30472?
7
What is the tens digit of 373?
7
What is the tens digit of 557?
5
What is the units digit of 2674?
4
What is the units digit of 691?
1
What is the tens digit of 30?
3
What is the units digit of 7551?
1
What is the hundreds digit of 18664?
6
What is the tens digit of 451?
5
What is the tens digit of 1471?
7
What is the tens digit of 789?
8
What is the thousands digit of 10506?
0
What is the units digit of 2290?
0
What is the units digit of 12273?
3
What is the units digit of 16159?
9
What is the tens digit of 861?
6
What is the hundreds digit of 640?
6
What is the units digit of 5966?
6
What is the hundreds digit of 73380?
3
What is the units digit of 1061?
1
What is the tens digit of 41569?
6
What is the units digit of 736?
6
What is the hundreds digit of 757?
7
What is the thousands digit of 80329?
0
What is the hundreds digit of 1666?
6
What is the hundred thousands digit of 105483?
1
What is the hundreds digit of 15653?
6
What is the thousands digit of 7437?
7
What is the units digit of 2964?
4
What is the ten thousands digit of 11263?
1
What is the tens digit of 20896?
9
What is the thousands digit of 4192?
4
What is the tens digit of 1392?
9
What is the hundreds digit of 3561?
5
What is the tens digit of 788?
8
What is the tens digit of 3067?
6
What is the ten thousands digit of 15091?
1
What is the hundreds digit of 1542?
5
What is the tens digit of 2302?
0
What is the units digit of 3459?
9
What is the ten thousands digit of 92049?
9
What is the tens digit of 558?
5
What is the hundreds digit of 3054?
0
What is the hundreds digit of 24772?
7
What is the ten thousands digit of 21143?
2
What is the tens digit of 1311?
1
What is the ten thousands digit of 76666?
7
What is the thousands digit of 8011?
8
What is the tens digit of 9100?
0
What is the hundreds digit of 1057?
0
What is the tens digit of 1117?
1
What is the t